w). Let r be g(-2). Let z be (-2)/4*(2 + -4). What is the highest common factor of z and r?
1
Let c(r) = -2*r**2 + 5*r + 51. Let f be c(6). Calculate the greatest common divisor of f and 801.
9
Suppose -8 = -3*s + z + z, 3 = s - z. Suppose 0 = -c + s*c - 198. Calculate the highest common divisor of c and 18.
18
Let u be 80/(-6)*(-99)/44. Calculate the highest common divisor of 18 and u.
6
Suppose 3 = 4*t + 3*r - 4, 0 = -3*t + r + 2. Let f be (-28 - -35) + (9/(-3))/1. Calculate the greatest common factor of f and t.
1
Let h be 3 + -1 - -3 - (-21)/7. Let s(p) = p**3 + 2*p**2 - 5*p + 2. Let q be (2/(-6))/(2/(-18)). Let a be s(q). What is the highest common factor of a and h?
8
Let a(h) = h**2 - h - 2. Let w be a(3). Suppose -2*m + w*m = 8. Suppose 0*l + 27 = l - 3*i, 5*l - 91 = m*i. Calculate the greatest common divisor of 15 and l.
15
Suppose -10*l + 6*l - 52 = -3*i, 5*i - 82 = 2*l. What is the greatest common factor of 2000 and i?
16
Suppose -4*m = -9*m + 95. Let a = 2 - m. Let v = 23 + a. Calculate the greatest common factor of v and 12.
6
Let l(n) = n - 1. Let f be l(5). Let i = -732 - -768. Calculate the highest common divisor of f and i.
4
Suppose 5*t + 0*y - 946 = -y, -3*y = 2*t - 381. Let q be (-6 - -5) + (-41)/1. Let r be ((-18)/4)/(7/q). What is the greatest common factor of r and t?
27
Let a(i) = 8*i + 2. Let y be a(2). Suppose -6 = -11*l + 12*l + 3*r, 4*l - 3*r - 51 = 0. What is the greatest common factor of l and y?
9
Let d(m) = 5*m - 7. Let x = 25 + -22. Let q be d(x). Suppose 15 - 47 = -q*t. Calculate the greatest common factor of 16 and t.
4
Suppose 56 = 4*a - 4*j, 5*j - 5 + 3 = -3*a. Suppose -2*z + 124 = -2*y, 3*z - a*y - 185 = -5*y. Calculate the highest common divisor of z and 7.
7
Let j be 46 - 2*(-1 - -4). What is the highest common divisor of j and 60?
20
Let f(o) = 5*o + 4. Let l be f(-3). Let j = 8 - l. What is the highest common factor of 76 and j?
19
Suppose -2*w - 4*m + 148 = 0, -2*w - 9*m + 6*m + 149 = 0. Calculate the greatest common divisor of w and 12.
4
Suppose 2160 + 6968 = 8*m. What is the greatest common factor of 7 and m?
7
Let w(t) = t**3 + 9*t**2 + 7*t - 3. Suppose 5*q - q - 60 = 0. Let p = q + -23. Let f be w(p). What is the highest common divisor of 45 and f?
5
Let t(i) = -2*i**3 - 7*i**2 - 12*i - 45. Let c be t(-5). What is the highest common factor of c and 855?
45
Let o(c) = c - 2 - 10*c + 7 + 2. Let z be o(3). Let n = z - -32. Calculate the greatest common divisor of 24 and n.
12
Let j(p) = 10*p + 2*p**3 + 78*p**2 + 3 - 3*p**3 - 79*p**2. Let n be j(-4). Calculate the greatest common divisor of 143 and n.
11
Let o(d) = -d**3 - 9*d**2 + 4*d - 20. Let s be o(-10). Calculate the highest common factor of 880 and s.
40
Suppose 170 = 3*q - 55. Suppose -173 - q = -8*s. Calculate the highest common factor of s and 124.
31
Let c be (-2)/2*(-5 - -2). Let i be 8/(-10)*(-5)/(-1). Let r be (-6 - 0)/(c/i). What is the highest common divisor of r and 64?
8
Let c be (-24)/(-4 + 1 + 1). Suppose -x + n + 6 = 0, x + x + 4*n = -c. Suppose 0 = -x*t - 14 + 46. Calculate the greatest common factor of t and 8.
8
Suppose -3*p + 105 + 54 = 0. Suppose 2*f = 25 + p. What is the highest common divisor of 52 and f?
13
Let w(r) = -r - 1. Suppose -3*h + 4 = -5*h. Let g be w(h). Let b = -2781 - -2789. What is the highest common factor of b and g?
1
Let l be (-8)/12 - 4/(-6). Let n be 20/9 + (-8)/36. Suppose -n*v + v + 12 = l. Calculate the greatest common factor of 48 and v.
12
Let b(z) = -z**3 + 9*z**2 - 8*z - 5. Let v = -17 + 24. Suppose -11 = -3*d + v. Let n be b(d). Calculate the greatest common factor of 5 and n.
5
Let h = -200 - -50. Let k be (44/55)/(6/(-315)). Let r = k - h. Calculate the highest common divisor of r and 12.
12
Let q = 19 + -8. Suppose q*i = 14*i - 60. Suppose 3*s + i = 176. What is the highest common factor of 78 and s?
26
Let b(u) = u**2 + 6*u + 11. Let t be b(-5). Let y be 6/(-9) + 154/t. What is the highest common divisor of y and 5?
5
Let s be 0 + 0 - -3 - 90. Let m = -27 - s. Suppose 0 = l - m + 12. Calculate the greatest common divisor of 16 and l.
16
Let d be ((-28)/(-84))/((-1)/(-12)). Calculate the greatest common divisor of 54 and d.
2
Let b(v) = 5*v**3 - v**2 - 5*v - 6. Let s be b(-3). Let p = s + 147. What is the highest common factor of 20 and p?
4
Let o = 1489 + -1349. What is the highest common factor of o and 100?
20
Let m be -3*2*48/18. Let d(j) = j + 21. Let k be d(m). Let z(s) = 3*s**2 + 3*s - 3. Let a be z(-3). What is the greatest common factor of a and k?
5
Let w(b) = -b**3 + 9*b**2 + 2*b - 12. Let r be 10 + (-2)/(4 + -2). Let h be w(r). Suppose -12*z + 5 + 67 = 0. What is the highest common divisor of h and z?
6
Let l(p) = -p**2 + 6*p. Let j be l(5). Let v be 9/(3/(-10)*6/(-9)). What is the highest common factor of j and v?
5
Let g(b) = 2*b + 17. Let d be g(4). Let q = d - -2. Let s(n) = -n**2 - 6*n. Let a be s(-3). Calculate the highest common divisor of q and a.
9
Suppose 0 = -43*m + 931 - 200. What is the greatest common factor of 1411 and m?
17
Let j(t) = -15*t + 411. Let o be j(13). What is the greatest common divisor of 270 and o?
54
Let g be 3 - (-1 - (1 + 289)). Suppose 5*a + 439 = 3*u, -4*u + g = 5*a - 233. Suppose u = -10*n + 13*n. What is the greatest common factor of 69 and n?
23
Let l = 1793 - 1705. What is the highest common divisor of l and 32?
8
Suppose -48 = -46*a + 34*a. Let d be ((-4)/6)/(1/(-192)). Suppose -w = 3*w - d. What is the highest common factor of a and w?
4
Let k = -54 + 62. Let m(l) be the first derivative of 4*l**3/3 - l**2/2 - l - 2. Let a be m(3). What is the greatest common factor of a and k?
8
Let i be 4/10 + 1 + (-21)/15. Let o be -1 - i - (0 - 14). Calculate the highest common factor of 39 and o.
13
Suppose -13 - 7 = -5*x. Let c = x + 0. Suppose 0 = -3*u + 4*u - 36. What is the highest common factor of u and c?
4
Suppose d + 306 = 3*q - 2*d, -5*q = -2*d - 501. Let j be 2 + 3 + -2 + 8. What is the greatest common factor of j and q?
11
Suppose 3*h - 161 = -4*c, 0*h = 5*h + 25. Let u(o) = o + 24. Let i be u(-10). Suppose -i*p - 22 = -16*p. Calculate the highest common factor of p and c.
11
Let o(a) = 127*a - 3. Let h be o(8). Let u = h + -513. Suppose 5*w - 10*w + u = 0. Calculate the greatest common divisor of w and 20.
20
Let j(s) = -s**3 + 12*s**2 + 28*s - 33. Let u be j(11). What is the highest common divisor of u and 44?
44
Let l(o) = -16*o + 258. Let w be l(14). Calculate the highest common factor of 68 and w.
34
Let w(j) = 32*j**2 - 38*j - 27. Let q be w(-8). What is the highest common divisor of q and 93?
93
Suppose -3*h + 9*u - 14*u = -125, -2*h = 4*u - 84. What is the highest common factor of 100 and h?
20
Let d be 3*(38/6 + -3). Let w(y) = 8*y + 24. Let z be w(d). Calculate the highest common divisor of z and 13.
13
Suppose -3*h = s - 41, 0*s + 4*h = -3*s + 98. Calculate the highest common divisor of 182 and s.
26
Let v be (-9)/(-12)*(6 + -2). Suppose 4*q - 128 = -v*d, 7*d - 5*q = 2*d + 155. Calculate the highest common divisor of d and 60.
12
Let d = 1077 + -986. What is the highest common divisor of 7 and d?
7
Let r = -1700 + 1724. Calculate the highest common divisor of 384 and r.
24
Let t = -3 - -17. Suppose 3*r = -5*g + 467, 4*r + 3*g = -54 + 673. Calculate the highest common factor of r and t.
14
Let t(y) = y + 10. Let z be t(-12). Let n be (3 + z)/((-4)/(-32)). Calculate the greatest common factor of 32 and n.
8
Let r(w) = -w**3 + 10*w**2 - 5*w + 9. Let n be r(7). What is the greatest common divisor of 11 and n?
11
Suppose -i - 90 = 2*i. Let f = -23 - i. Let z(w) = -w**2 - 9*w - 4. Let d be z(-6). What is the highest common divisor of d and f?
7
Suppose 37 = 3*j + 2*w - 52, -j + 15 = -3*w. Suppose 0 = 5*r - 3*l - 51, 4*r + 16*l = 13*l + 30. What is the highest common factor of j and r?
9
Let w(b) = -33*b - 519. Let u be w(-27). What is the greatest common factor of u and 96?
12
Let j = -19 - -27. Let z be (-2)/j - (-575)/92. What is the greatest common factor of 48 and z?
6
Let q be ((-64)/176)/((-6)/33) + 4. Calculate the greatest common factor of q and 324.
6
Let r = 3052 - 1017. What is the greatest common divisor of 55 and r?
55
Suppose 0 = -5*a + 3*v + 309, 3*a = a - 5*v + 136. Let x(o) = -6*o**3 - o**2 - o + 1. Let w be x(-1).